 v and j.
18
Let s be (-4)/(-10)*(28 + -3). Suppose -30 = -3*m - 4*w + 256, 2*w = 8. Calculate the highest common divisor of s and m.
10
Suppose 0 = -5*g + 4*w + w + 35, g = -3*w + 7. What is the highest common divisor of 3990 and g?
7
Suppose 13*w - 5902 = -13*w. Let t = 268 - w. Calculate the highest common divisor of t and 41.
41
Suppose -m + 576 = -7*r + 11*r, 560 = 4*r + 5*m. Calculate the greatest common divisor of r and 2755.
145
Let u = -586 + 591. Suppose -187 = -u*h + 4*b, 2*h + 2*b = -7 + 89. Let k be 77/3 + 2/6. What is the highest common divisor of k and h?
13
Let s = 752 - 441. Suppose s = 13*n - 1405. What is the greatest common divisor of n and 36?
12
Let h be -4 + 2 + (-264)/(-4). Let j = 69 - h. Suppose 0 = -3*w - j*w + 16. What is the greatest common factor of w and 8?
2
Suppose -3*t + 2*r = -5*t + 296, 4*r = 3*t - 472. Suppose -t*l + 145*l = -357. Let s = -29 - -63. What is the greatest common factor of l and s?
17
Suppose 886 = 20*j + 290 - 544. What is the greatest common divisor of j and 304?
19
Let h = 171 + -167. Suppose h*x = -4*a + 988, 2*a - 488 = -3*x + 4*x. What is the highest common divisor of a and 70?
35
Let b = 13713 - 6907. Calculate the greatest common factor of b and 82.
82
Suppose -6*d - 122 = 22. Let k = d - -93. Suppose -5*c - 3*n = -245, 4*c - 9*c + n + 225 = 0. What is the highest common divisor of c and k?
23
Suppose -7*p = -11*p + 40. Let k be (9 - p)/(1/(-27)). What is the greatest common divisor of 9 and k?
9
Let x(k) = 77*k + 513. Let h be x(-3). What is the highest common factor of h and 188?
94
Let i be (-2)/28*-2 + 2546/(-133). Let v be i/((-570)/(-40)) + 758/6. Calculate the greatest common factor of 25 and v.
25
Suppose -h - 90 = -10*h. Let z be (-2 + -8)*(h/5 - 9). Calculate the highest common divisor of 10 and z.
10
Let c(t) = t**2 - 2*t - 1. Let w be c(3). Let u be w/((-14)/(-3)) + (-2184)/(-392). Calculate the highest common divisor of 24 and u.
6
Let i = 3371 - 3179. Let k be 0*(2 + -1 - 2). Suppose -3*c = -k*r - r - 77, -3*c - 2*r = -62. Calculate the greatest common factor of c and i.
24
Let m = -813 + 353. Let l be m/(2 + -4) + 4 - 0. Calculate the greatest common divisor of 26 and l.
26
Suppose -79 - 47 = -2*s - 5*a, -2*a = -s + 54. Let k = s + 26. What is the greatest common divisor of 924 and k?
84
Let r(j) = 14 + 2*j + 2*j - 10. Let z be r(0). Suppose -720 = -z*u - 8*u. What is the greatest common divisor of u and 90?
30
Suppose -8*m + 11*m = 54. Suppose -4*c + 12 = -c. Suppose m = c*q - 6. What is the greatest common divisor of 21 and q?
3
Let g(j) = -36*j - 34. Let x be g(-4). Let m be (x/(-2))/(22/(-88)). Calculate the greatest common factor of m and 20.
20
Let d(r) = r**3 + 19*r**2 + 31*r - 25. Let y be d(-17). Calculate the highest common factor of y and 2834.
26
Let i be ((-2)/(-8))/(1/(-6))*-220. Let l be 11/(i/40)*(0 + 12). What is the highest common factor of l and 304?
16
Suppose -77*o = -72*o + 390. Let f be (-168)/o + -2 + (-5744)/(-13). Calculate the greatest common divisor of f and 34.
34
Suppose 0 = -3*k + s + 3*s + 676, 3*k - 686 = -s. Let i be 2/((1 + -5)/k). Let c = i + 133. Calculate the greatest common divisor of 209 and c.
19
Suppose 948 = -99*n + 776 + 6607. Suppose 4*b - 11 - 41 = 0. What is the greatest common factor of b and n?
13
Suppose 2*z - 3*u = -2*u, -4*z - 5*u = -28. Let f = 343303 + -343279. What is the highest common factor of f and z?
2
Suppose -612*d + 223202 = -598*d. Calculate the highest common divisor of 149 and d.
149
Let d = 72 + 16. Let n = 20 + -16. Suppose 5*w + 124 + 42 = n*l, 6 = 3*w. Calculate the highest common divisor of l and d.
44
Let a(q) = 53*q**2 - 4*q. Suppose 1 = -52*x + 51*x. Let k be a(x). Let r = -29 + k. Calculate the greatest common divisor of 140 and r.
28
Let m(c) be the second derivative of 5*c**3/6 - 131*c**2/2 + 79*c - 1. Let f be m(27). Calculate the greatest common divisor of f and 2.
2
Let r = -3750 - -3770. What is the greatest common factor of r and 355?
5
Let g(h) = -964*h**3 + 12*h + 10. Let f be g(-1). Calculate the highest common divisor of f and 260.
26
Suppose -2906 - 8032 = -111*n - 60. Calculate the greatest common factor of n and 70.
14
Let z be -1*((510/5)/(-2))/(12/72). Calculate the greatest common factor of 1071 and z.
153
Let s be -14*((-6)/(-18))/((-2)/(-12)). Let c be -449*4/s + 4/(-28). What is the greatest common factor of 8 and c?
8
Let r(p) = 10*p**3 - 4*p**2 + 8*p - 2. Let d be r(3). Suppose 13*n + d = 17*n. Let g = -31 + n. Calculate the greatest common factor of g and 11.
11
Suppose 0 = -a - 3*c + 2118, -45*c = -2*a - 41*c + 4206. Calculate the highest common factor of a and 38.
19
Let b(l) = -6800*l - 714. Let a be b(-1). Calculate the greatest common divisor of 102 and a.
34
Let o(p) = -2*p**3 + 57*p**2 + 20*p + 549. Let b be o(29). What is the highest common divisor of b and 468?
36
Let o = 1259 + -911. Calculate the greatest common factor of o and 16.
4
Suppose 44 = -c + 36. Let u be c/(56/(-427)) + 3. Calculate the greatest common factor of 48 and u.
16
Suppose -2*o + 4*s + 820 = 0, s + 2077 = 4*o + o. Let q be (96/(-14))/((-189)/882). What is the greatest common divisor of o and q?
32
Suppose -5*f + 4*p + 156 = 0, 19 = 2*f + 2*p - 47. Suppose 522*b - f = 518*b. What is the greatest common factor of 208 and b?
8
Suppose -3*w - 35 = -47. Let o be 665/38*w/7. What is the highest common divisor of 24 and o?
2
Let p(f) = -36*f**2 - 6*f + 33. Let o be p(3). Let z = o - -345. Suppose 0 = -4*m + 5*c + 26, 0 = -3*c - 4 - 2. Calculate the highest common factor of m and z.
4
Suppose 5*v - 32*p + 29*p = 67, 0 = -v + 3*p + 23. Calculate the highest common factor of v and 1309.
11
Let w be ((-677688)/(-165))/((-1)/2*(-32)/40). What is the highest common divisor of 170 and w?
34
Let o(n) = 3*n**3 + 2*n**2 - 5. Let q be o(-3). Let i = 79 + q. Suppose -3*l + 7*l = 88. Calculate the greatest common factor of i and l.
11
Let d = 11658 + -11637. Calculate the highest common divisor of d and 3395.
7
Let a be 54 - -136 - 24/(-3 - 0). What is the highest common factor of 5544 and a?
198
Suppose 0 = -k + 3*f - 88, 8*f = 3*k + 5*f + 240. Let p = k - -78. Let n be 3/(p - 5) - (-150)/3. What is the highest common factor of 14 and n?
7
Suppose -3*h - 5*a = -374, -a = 4*h - 581 + 88. Let c(g) = 672*g + 99459. Let r be c(-148). What is the highest common factor of r and h?
3
Suppose 34*l + 54*l + 14*l = 140760. What is the greatest common factor of l and 420?
60
Suppose -170*x + 263*x - 1116 = 0. Calculate the greatest common divisor of x and 237.
3
Let x(m) be the first derivative of m**3/3 - 9*m**2 + 438*m + 203. Let i be x(0). Calculate the greatest common factor of i and 6.
6
Suppose 1304 = 5*w + 4*d, 3*w - 780 = -8*d + 5*d. Let r be (16/14)/((-61)/(-427)). What is the greatest common factor of r and w?
8
Let j be (-36)/(-7)*(-70)/(-4). Let f = 1234 + -1170. Suppose f*i = 1344 + 960. Calculate the greatest common factor of j and i.
18
Let g(r) = -r**2 + 7*r + 18. Let m be g(4). Suppose -32*z + m*z + 370 = 0. What is the highest common divisor of 10 and z?
5
Let n = -18672 - -18792. Suppose -5*p + 531 + 269 = 0. What is the highest common divisor of n and p?
40
Let t be (-2675)/(-9) + (-6)/27. Let k be (6*(1975/150 - 15))/(1/(-3)). Calculate the greatest common divisor of k and t.
33
Suppose 0 = 3*s + 19*v - 21*v + 19, 5*s + v + 10 = 0. Let t be 2*(-1)/s*2499/14. What is the highest common divisor of 34 and t?
17
Suppose 2*j - 6*j = -24. Suppose 81 = j*b - 45. Suppose -b = -2*y + 9. Calculate the highest common factor of y and 3.
3
Suppose -72 = 2*u - 6*u. Let z be -2*(-8)/16*13. Suppose 0 = 4*w + 5*f - 128, 5*f + z = -3*w + 114. What is the highest common factor of w and u?
9
Suppose 20*o = -941 + 6221. Calculate the greatest common divisor of o and 64.
8
Suppose -5*l - 2*l = -140. Suppose 0 = -u + 6*u + 55. Let f = 31 + u. What is the highest common divisor of f and l?
20
Let a(w) = -w**3 + 7*w**2 + 251*w - 26. Let i be a(-13). What is the greatest common divisor of i and 3094?
91
Let p = 93 - 53. Suppose -3*w = 2*w - p. Let z = -3711 - -3731. Calculate the highest common factor of z and w.
4
Suppose 4861*d - 1057030 = 4814*d. What is the greatest common divisor of d and 260?
130
Suppose -191 = -3*f -